the remainder when 81289069 is divided by 928?
909
Calculate the remainder when 290793 is divided by 1370.
353
Calculate the remainder when 652890 is divided by 467.
24
Calculate the remainder when 3454703 is divided by 190.
123
What is the remainder when 30457112 is divided by 35?
7
What is the remainder when 9798699 is divided by 355?
344
What is the remainder when 21410336 is divided by 26174?
4
What is the remainder when 4736007 is divided by 4567?
28
Calculate the remainder when 260186 is divided by 505.
111
Calculate the remainder when 14302042 is divided by 6.
4
Calculate the remainder when 408304 is divided by 29.
13
Calculate the remainder when 9235660 is divided by 477.
463
Calculate the remainder when 74152271 is divided by 37076128.
15
Calculate the remainder when 1339348 is divided by 556.
500
Calculate the remainder when 231000 is divided by 76535.
1395
What is the remainder when 14334113 is divided by 4324?
53
What is the remainder when 598223 is divided by 230?
223
Calculate the remainder when 189998 is divided by 60825.
7523
What is the remainder when 1810478 is divided by 2440?
2438
What is the remainder when 601178 is divided by 3734?
4
Calculate the remainder when 3502578 is divided by 73.
38
Calculate the remainder when 14740 is divided by 14611.
129
What is the remainder when 752822 is divided by 26?
18
What is the remainder when 232096958 is divided by 5?
3
What is the remainder when 902741 is divided by 597?
77
Calculate the remainder when 6580242 is divided by 387073.
1
What is the remainder when 532145 is divided by 422?
3
Calculate the remainder when 7494250 is divided by 7494220.
30
What is the remainder when 40277 is divided by 1614?
1541
What is the remainder when 19470475 is divided by 86?
75
What is the remainder when 3717841 is divided by 1858715?
411
What is the remainder when 1743773 is divided by 1743157?
616
Calculate the remainder when 3771787 is divided by 110.
107
What is the remainder when 2926165 is divided by 1599?
1594
Calculate the remainder when 47884 is divided by 7909.
430
What is the remainder when 61839 is divided by 30899?
41
Calculate the remainder when 15584885 is divided by 76.
21
What is the remainder when 3844074 is divided by 3844047?
27
Calculate the remainder when 7157975 is divided by 155608.
7
What is the remainder when 99753 is divided by 962?
667
What is the remainder when 56327173 is divided by 24?
13
What is the remainder when 5785 is divided by 2699?
387
What is the remainder when 7974345 is divided by 96076?
37
What is the remainder when 21339516 is divided by 2667438?
12
What is the remainder when 1665185 is divided by 28709?
63
What is the remainder when 710184 is divided by 1335?
1299
What is the remainder when 9839566 is divided by 1431?
10
What is the remainder when 183301 is divided by 45752?
293
What is the remainder when 330749 is divided by 496?
413
What is the remainder when 13376202 is divided by 15?
12
What is the remainder when 49114124 is divided by 24?
20
What is the remainder when 810179 is divided by 20773?
32
What is the remainder when 1011027 is divided by 49?
10
What is the remainder when 6712575 is divided by 27?
24
What is the remainder when 4363 is divided by 3968?
395
What is the remainder when 53683 is divided by 26577?
529
Calculate the remainder when 1087718 is divided by 5154.
224
What is the remainder when 24129 is divided by 996?
225
Calculate the remainder when 2890086813 is divided by 9317.
9315
Calculate the remainder when 519716 is divided by 114.
104
Calculate the remainder when 14130679 is divided by 41.
29
Calculate the remainder when 718926 is divided by 239628.
42
Calculate the remainder when 31943339 is divided by 1980.
1979
What is the remainder when 19697 is divided by 4612?
1249
Calculate the remainder when 1207559 is divided by 50313.
47
Calculate the remainder when 415257638 is divided by 68.
66
Calculate the remainder when 367789 is divided by 405.
49
Calculate the remainder when 30148 is divided by 643.
570
Calculate the remainder when 19205492 is divided by 2807.
2805
Calculate the remainder when 531696 is divided by 132923.
4
Calculate the remainder when 79687 is divided by 406.
111
Calculate the remainder when 979689 is divided by 208.
9
Calculate the remainder when 425274 is divided by 792.
762
What is the remainder when 258676 is divided by 85872?
1060
What is the remainder when 190032 is divided by 63329?
45
What is the remainder when 143026718 is divided by 2364?
2354
What is the remainder when 48519583 is divided by 2896?
2895
Calculate the remainder when 61916340 is divided by 778.
766
What is the remainder when 6474598 is divided by 209?
196
What is the remainder when 410946676 is divided by 101?
98
Calculate the remainder when 22702 is divided by 11178.
346
Calculate the remainder when 169179169 is divided by 21.
19
What is the remainder when 103170 is divided by 1372?
270
What is the remainder when 1234588 is divided by 2655?
13
Calculate the remainder when 38696731 is divided by 77.
73
What is the remainder when 3481328 is divided by 1160401?
125
Calculate the remainder when 3656721 is divided by 50.
21
Calculate the remainder when 414698 is divided by 34556.
26
Calculate the remainder when 790814 is divided by 34.
8
What is the remainder when 55199 is divided by 12924?
3503
What is the remainder when 17096 is divided by 8507?
82
Calculate the remainder when 209427 is divided by 64.
19
Calculate the remainder when 173239 is divided by 43303.
27
What is the remainder when 850134 is divided by 755?
4
Calculate the remainder when 48288160 is divided by 79.
42
Calculate the remainder when 480599 is divided by 6110.
4019
Calculate the remainder when 26784852 is divided by 28.
24
Calculate the remainder when 126934 is divided by 61570.
3794
What is the remainder when 142327 is divided by 1329?
124
What is the remainder when 528542 is divided by 6346?
1824
What is the remainder when 178701 is divided by 2007?
78
Calculate the remainder when 1381796 is divided by 1177.
1175
What is the remainder when 36224 is divided by 4631?
3807
Calculate the remainder when 12575 is divided by 1257.
5
What is the remainder when 20009931 is divided by 2000992?
11
Calculate the remainder when 1412539 is divided by 1268.
1255
Calculate the remainder when 1566625 is divided by 1030.
1025
Calculate the remainder when 90418 is divided by 43524.
3370
Calculate the remainder when 6082417 is divided by 1820.
1797
What is the remainder when 309917682 is divided by 26?
22
Calculate the remainder when 2467651003 is divided by 415.
413
What is the remainder when 31901279 is divided by 4959?
32
What is the remainder when 601063380 is divided by 726?
720
What is the remainder when 131201 is divided by 9370?
21
What is the remainder when 292471 is divided by 146068?
335
Calculate the remainder when 8394 is divided by 7181.
1213
Calculate the remainder when 5865977 is divided by 213.
170
Calculate the remainder when 56780 is divided by 1261.
35
What is the remainder when 32139728 is divided by 41?
33
Calculate the remainder when 2993220 is divided by 3282.
36
What is the remainder when 13716370 is divided by 334?
326
What is the remainder when 702316677 is divided by 40?
37
Calculate the remainder when 31456 is divided by 15680.
96
What is the remainder when 92921 is divided by 13231?
304
What is the remainder when 7471673 is divided by 111?
41
Calculate the remainder when 53988 is divided by 14.
4
What is the remainder when 111802932 is divided by 21?
3
What is the remainder when 82194609 is divided by 176?
145
What is the remainder when 32782897 is divided by 258133?
6
What is the remainder when 58411981 is divided by 9735330?
1
Calculate the remainder when 83667 is divided by 105.
87
Calculate the remainder when 107427382 is divided by 24.
22
Calculate the remainder when 1102145 is divided by 367363.
56
Calculate the remainder when 13014038 is divided by 4337982.
92
What is the remainder when 168581 is divided by 28085?
71
Calculate the remainder when 8543173 is divided by 81.
22
Calculate the remainder when 453525 is divided by 60.
45
Calculate the remainder when 566792 is divided by 3471.
1019
What is the remainder when 361522 is divided by 87916?
